{"id":17,"date":"2023-03-28T02:16:30","date_gmt":"2023-03-28T02:16:30","guid":{"rendered":"https:\/\/kinesian.com.ar\/?page_id=17"},"modified":"2023-04-10T00:40:56","modified_gmt":"2023-04-10T00:40:56","slug":"acupuntura","status":"publish","type":"page","link":"https:\/\/kinesian.com.ar\/index.php\/acupuntura\/","title":{"rendered":"Acupuntura"},"content":{"rendered":"<div id=\"pl-gb17-69d974ee1860d\"  class=\"panel-layout\" ><div id=\"pg-gb17-69d974ee1860d-0\"  class=\"panel-grid panel-no-style\" ><div id=\"pgc-gb17-69d974ee1860d-0-0\"  class=\"panel-grid-cell\" ><div id=\"panel-gb17-69d974ee1860d-0-0-0\" class=\"so-panel widget widget_text panel-first-child panel-last-child\" data-index=\"0\" ><div class=\"panel-widget-style panel-widget-style-for-gb17-69d974ee1860d-0-0-0\" >\t\t\t<div class=\"textwidget\"><p>M\u00e9todo terap\u00e9utico que consiste en la aplicaci\u00f3n de agujas descartables finas en ciertos puntos del cuerpo. Estos puntos son \u201cdepresiones o huecos\u201d de ubicaci\u00f3n muy precisa y definida que presentan mayor sensibilidad y vascularizaci\u00f3n que el resto de las partes del cuerpo y permiten una \u201crecirculaci\u00f3n\u201d de la energ\u00eda. Su objetivo principal es <strong>tratar la causa de la enfermedad generando disminuci\u00f3n del dolor y de la inflamaci\u00f3n.<\/strong><\/p>\n<\/div>\n\t\t<\/div><\/div><\/div><\/div><\/div>\n\n<div id=\"pl-gb17-69d974ee18ba1\"  class=\"panel-layout\" ><div id=\"pg-gb17-69d974ee18ba1-0\"  class=\"panel-grid panel-no-style\" ><div id=\"pgc-gb17-69d974ee18ba1-0-0\"  class=\"panel-grid-cell\" ><div id=\"panel-gb17-69d974ee18ba1-0-0-0\" class=\"so-panel widget widget_text panel-first-child panel-last-child\" data-index=\"0\" ><div class=\"panel-widget-style panel-widget-style-for-gb17-69d974ee18ba1-0-0-0\" ><h3 class=\"widget-title\">\u00bfC\u00f3mo genera disminuci\u00f3n del dolor?<\/h3>\t\t\t<div class=\"textwidget\"><ul>\n<li class=\"has-black-color\">Mecanismo de acci\u00f3n local: Por estimulaci\u00f3n directa de las terminaciones nerviosas y por acci\u00f3n sobre la contractura muscular.<\/li>\n<li class=\"has-black-color\">Mecanismo de acci\u00f3n a distancia: Acci\u00f3n sobre el sistema nervioso central y el sistema nervioso vegetativo.<\/li>\n<li class=\"has-black-color\">Mecanismo de acci\u00f3n neuroendocrina: Por estimulaci\u00f3n de la secreci\u00f3n de endorfinas.<\/li>\n<\/ul>\n<p><\/p>\n<\/div>\n\t\t<\/div><\/div><\/div><\/div><\/div><\/p>\n<\/div>\n\t\t<\/div><\/div><\/div><\/div><\/div><\/div>\n<!-- \/wp:post-content -->\n\n<!-- wp:siteorigin-panels\/layout-block {\"panelsData\":{\"widgets\":[{\"title\":\"\u00bfC\u00f3mo genera disminuci\u00f3n de la inflamaci\u00f3n?\",\"text\":\"Por la estimulaci\u00f3n de los \\u003cstrong\\u003emecanismos naturales antiinflamatorios\\u003c\/strong\\u003e mediante una acci\u00f3n sobre el cerebro, la hip\u00f3fisis y el hipot\u00e1lamo y por la\\u003cstrong\\u003e inhibici\u00f3n de la acci\u00f3n de sustancias que producen inflamaci\u00f3n\\u003c\/strong\\u003e tales como Histamina, Bradiquinina, Serotonina, etc.\",\"filter\":true,\"visual\":true,\"panels_info\":{\"class\":\"WP_Widget_Text\",\"grid\":0,\"cell\":0,\"id\":0,\"widget_id\":\"a7b189fd-aeae-4d9f-bd9f-62441b6fc37d\",\"style\":{\"background_image_attachment\":false,\"background_display\":\"tile\",\"background_image_size\":\"full\",\"border_thickness\":\"1px\",\"font_color\":\"#000000\"}}}],\"grids\":[{\"cells\":1,\"style\":[]}],\"grid_cells\":[{\"grid\":0,\"index\":0,\"weight\":1,\"style\":[]}]},\"contentPreview\":\"\\u003cdiv id=\\u0022pl-17\\u0022  class=\\u0022panel-layout\\u0022 \\u003e\\u003cdiv id=\\u0022pg-17-0\\u0022  class=\\u0022panel-grid panel-no-style\\u0022 \\u003e\\u003cdiv id=\\u0022pgc-17-0-0\\u0022  class=\\u0022panel-grid-cell\\u0022 \\u003e\\u003cdiv id=\\u0022panel-17-0-0-0\\u0022 class=\\u0022so-panel widget widget_text panel-first-child panel-last-child\\u0022 data-index=\\u00220\\u0022 \\u003e\\u003cdiv class=\\u0022panel-widget-style panel-widget-style-for-17-0-0-0\\u0022 \\u003e\\u003ch3 class=\\u0022widget-title\\u0022\\u003e\u00bfC\u00f3mo genera disminuci\u00f3n de la inflamaci\u00f3n?\\u003c\/h3\\u003e\\t\\t\\t\\u003cdiv class=\\u0022textwidget\\u0022\\u003e\\u003cp\\u003ePor la estimulaci\u00f3n de los \\u003cstrong\\u003emecanismos naturales antiinflamatorios\\u003c\/strong\\u003e mediante una acci\u00f3n sobre el cerebro, la hip\u00f3fisis y el hipot\u00e1lamo y por la\\u003cstrong\\u003e inhibici\u00f3n de la acci\u00f3n de sustancias que producen inflamaci\u00f3n\\u003c\/strong\\u003e tales como Histamina, Bradiquinina, Serotonina, etc.\\u003c\/p\\u003e\\n\\u003c\/div\\u003e\\n\\t\\t\\u003c\/div\\u003e\\u003c\/div\\u003e\\u003c\/div\\u003e\\u003c\/div\\u003e\\u003c\/div\\u003e\"} -->\n<div class=\"wp-block-siteorigin-panels-layout-block\"><div id=\"pl-17\"  class=\"panel-layout\" ><div id=\"pg-17-0\"  class=\"panel-grid panel-no-style\" ><div id=\"pgc-17-0-0\"  class=\"panel-grid-cell\" ><div id=\"panel-17-0-0-0\" class=\"so-panel widget widget_text panel-first-child panel-last-child\" data-index=\"0\" ><div class=\"panel-widget-style panel-widget-style-for-17-0-0-0\" ><h3 class=\"widget-title\">\u00bfC\u00f3mo genera disminuci\u00f3n de la inflamaci\u00f3n?<\/h3>\t\t\t<div class=\"textwidget\"><p>Por la estimulaci\u00f3n de los <strong>mecanismos naturales antiinflamatorios<\/strong> mediante una acci\u00f3n sobre el cerebro, la hip\u00f3fisis y el hipot\u00e1lamo y por la<strong> inhibici\u00f3n de la acci\u00f3n de sustancias que producen inflamaci\u00f3n<\/strong> tales como Histamina, Bradiquinina, Serotonina, etc.<\/p>\n<\/div>\n\t\t<\/div><\/div><\/div><\/div><\/div><\/div>\n<!-- \/wp:siteorigin-panels\/layout-block -->\n\n<!-- wp:siteorigin-panels\/layout-block {\"panelsData\":{\"widgets\":[{\"title\":\"\u00bfEn qu\u00e9 patolog\u00edas se suele aplicar?\",\"text\":\"\\u003cul\\u003e\\n \\t\\u003cli class=\\u0022has-black-color\\u0022\\u003eDolor en columna vertebral\\u003c\/li\\u003e\\n \\t\\u003cli class=\\u0022has-black-color\\u0022\\u003eContracturas musculares\\u003c\/li\\u003e\\n \\t\\u003cli class=\\u0022has-black-color\\u0022\\u003eTendinopat\u00edas: rotuliana, aquiliana, supraespinoso, epicondilalgia\/codo de tenista, de Quervain\\u003c\/li\\u003e\\n \\t\\u003cli class=\\u0022has-black-color\\u0022\\u003eDesgarros musculares\\u003c\/li\\u003e\\n \\t\\u003cli class=\\u0022has-black-color\\u0022\\u003eEsguince de tobillo\\u003c\/li\\u003e\\n \\t\\u003cli class=\\u0022has-black-color\\u0022\\u003eArtrosis\\u003c\/li\\u003e\\n \\t\\u003cli class=\\u0022has-black-color\\u0022\\u003eHombro doloroso\\u003c\/li\\u003e\\n \\t\\u003cli class=\\u0022has-black-color\\u0022\\u003eFascitis plantar\\u003c\/li\\u003e\\n\\u003c\/ul\\u003e\\n\\u003c!\\u002d\\u002d \/wp:paragraph \\u002d\\u002d\\u003e\\u003c!\\u002d\\u002d wp:paragraph {\\u0022textColor\\u0022:\\u0022black\\u0022,\\u0022fontSize\\u0022:\\u0022medium\\u0022} \\u002d\\u002d\\u003e\\n\\n\\u003c!\\u002d\\u002d \/wp:paragraph \\u002d\\u002d\\u003e\\u003c!\\u002d\\u002d wp:paragraph {\\u0022textColor\\u0022:\\u0022black\\u0022,\\u0022fontSize\\u0022:\\u0022medium\\u0022} \\u002d\\u002d\\u003e\\n\\n\\u003c!\\u002d\\u002d \/wp:paragraph \\u002d\\u002d\\u003e\\u003c!\\u002d\\u002d wp:paragraph {\\u0022textColor\\u0022:\\u0022black\\u0022,\\u0022fontSize\\u0022:\\u0022medium\\u0022} \\u002d\\u002d\\u003e\\n\\n\\u003c!\\u002d\\u002d \/wp:paragraph \\u002d\\u002d\\u003e\\u003c!\\u002d\\u002d wp:paragraph {\\u0022textColor\\u0022:\\u0022black\\u0022,\\u0022fontSize\\u0022:\\u0022medium\\u0022} \\u002d\\u002d\\u003e\\n\\n\\u003c!\\u002d\\u002d \/wp:paragraph \\u002d\\u002d\\u003e\\u003c!\\u002d\\u002d wp:paragraph {\\u0022textColor\\u0022:\\u0022black\\u0022,\\u0022fontSize\\u0022:\\u0022medium\\u0022} \\u002d\\u002d\\u003e\\n\\n\\u003c!\\u002d\\u002d \/wp:paragraph \\u002d\\u002d\\u003e\\u003c!\\u002d\\u002d wp:paragraph {\\u0022textColor\\u0022:\\u0022black\\u0022,\\u0022fontSize\\u0022:\\u0022medium\\u0022} \\u002d\\u002d\\u003e\\n\\n\\u003c!\\u002d\\u002d \/wp:paragraph \\u002d\\u002d\\u003e\\u003c!\\u002d\\u002d wp:paragraph {\\u0022textColor\\u0022:\\u0022black\\u0022,\\u0022fontSize\\u0022:\\u0022medium\\u0022} \\u002d\\u002d\\u003e\",\"filter\":true,\"visual\":true,\"panels_info\":{\"class\":\"WP_Widget_Text\",\"grid\":0,\"cell\":0,\"id\":0,\"widget_id\":\"e194cb41-0777-43c6-bc29-917fa622ce6f\",\"style\":{\"background_image_attachment\":false,\"background_display\":\"tile\",\"background_image_size\":\"full\",\"border_thickness\":\"1px\",\"font_color\":\"#000000\"}}}],\"grids\":[{\"cells\":1,\"style\":[]}],\"grid_cells\":[{\"grid\":0,\"index\":0,\"weight\":1,\"style\":[]}]},\"contentPreview\":\"\\u003cdiv id=\\u0022pl-17\\u0022  class=\\u0022panel-layout\\u0022 \\u003e\\u003cdiv id=\\u0022pg-17-0\\u0022  class=\\u0022panel-grid panel-no-style\\u0022 \\u003e\\u003cdiv id=\\u0022pgc-17-0-0\\u0022  class=\\u0022panel-grid-cell\\u0022 \\u003e\\u003cdiv id=\\u0022panel-17-0-0-0\\u0022 class=\\u0022so-panel widget widget_text panel-first-child panel-last-child\\u0022 data-index=\\u00220\\u0022 \\u003e\\u003cdiv class=\\u0022panel-widget-style panel-widget-style-for-17-0-0-0\\u0022 \\u003e\\u003ch3 class=\\u0022widget-title\\u0022\\u003e\u00bfEn qu\u00e9 patolog\u00edas se suele aplicar?\\u003c\/h3\\u003e\\t\\t\\t\\u003cdiv class=\\u0022textwidget\\u0022\\u003e\\u003cul\\u003e\\n\\u003cli class=\\u0022has-black-color\\u0022\\u003eDolor en columna vertebral\\u003c\/li\\u003e\\n\\u003cli class=\\u0022has-black-color\\u0022\\u003eContracturas musculares\\u003c\/li\\u003e\\n\\u003cli class=\\u0022has-black-color\\u0022\\u003eTendinopat\u00edas: rotuliana, aquiliana, supraespinoso, epicondilalgia\/codo de tenista, de Quervain\\u003c\/li\\u003e\\n\\u003cli class=\\u0022has-black-color\\u0022\\u003eDesgarros musculares\\u003c\/li\\u003e\\n\\u003cli class=\\u0022has-black-color\\u0022\\u003eEsguince de tobillo\\u003c\/li\\u003e\\n\\u003cli class=\\u0022has-black-color\\u0022\\u003eArtrosis\\u003c\/li\\u003e\\n\\u003cli class=\\u0022has-black-color\\u0022\\u003eHombro doloroso\\u003c\/li\\u003e\\n\\u003cli class=\\u0022has-black-color\\u0022\\u003eFascitis plantar\\u003c\/li\\u003e\\n\\u003c\/ul\\u003e\\n\\u003cp\\u003e\\u003c!\\u002d\\u002d \/wp:paragraph \\u002d\\u002d\\u003e\\u003c!\\u002d\\u002d wp:paragraph {\\u0022textColor\\u0022:\\u0022black\\u0022,\\u0022fontSize\\u0022:\\u0022medium\\u0022} \\u002d\\u002d\\u003e\\u003c\/p\\u003e\\n\\u003cp\\u003e\\u003c!\\u002d\\u002d \/wp:paragraph \\u002d\\u002d\\u003e\\u003c!\\u002d\\u002d wp:paragraph {\\u0022textColor\\u0022:\\u0022black\\u0022,\\u0022fontSize\\u0022:\\u0022medium\\u0022} \\u002d\\u002d\\u003e\\u003c\/p\\u003e\\n\\u003cp\\u003e\\u003c!\\u002d\\u002d \/wp:paragraph \\u002d\\u002d\\u003e\\u003c!\\u002d\\u002d wp:paragraph {\\u0022textColor\\u0022:\\u0022black\\u0022,\\u0022fontSize\\u0022:\\u0022medium\\u0022} \\u002d\\u002d\\u003e\\u003c\/p\\u003e\\n\\u003cp\\u003e\\u003c!\\u002d\\u002d \/wp:paragraph \\u002d\\u002d\\u003e\\u003c!\\u002d\\u002d wp:paragraph {\\u0022textColor\\u0022:\\u0022black\\u0022,\\u0022fontSize\\u0022:\\u0022medium\\u0022} \\u002d\\u002d\\u003e\\u003c\/p\\u003e\\n\\u003cp\\u003e\\u003c!\\u002d\\u002d \/wp:paragraph \\u002d\\u002d\\u003e\\u003c!\\u002d\\u002d wp:paragraph {\\u0022textColor\\u0022:\\u0022black\\u0022,\\u0022fontSize\\u0022:\\u0022medium\\u0022} \\u002d\\u002d\\u003e\\u003c\/p\\u003e\\n\\u003cp\\u003e\\u003c!\\u002d\\u002d \/wp:paragraph \\u002d\\u002d\\u003e\\u003c!\\u002d\\u002d wp:paragraph {\\u0022textColor\\u0022:\\u0022black\\u0022,\\u0022fontSize\\u0022:\\u0022medium\\u0022} \\u002d\\u002d\\u003e\\u003c\/p\\u003e\\n\\u003cp\\u003e\\u003c!\\u002d\\u002d \/wp:paragraph \\u002d\\u002d\\u003e\\u003c!\\u002d\\u002d wp:paragraph {\\u0022textColor\\u0022:\\u0022black\\u0022,\\u0022fontSize\\u0022:\\u0022medium\\u0022} \\u002d\\u002d\\u003e\\u003c\/p\\u003e\\n\\u003c\/div\\u003e\\n\\t\\t\\u003c\/div\\u003e\\u003c\/div\\u003e\\u003c\/div\\u003e\\u003c\/div\\u003e\\u003c\/div\\u003e\"} -->\n<div class=\"wp-block-siteorigin-panels-layout-block\"><div id=\"pl-17\"  class=\"panel-layout\" ><div id=\"pg-17-0\"  class=\"panel-grid panel-no-style\" ><div id=\"pgc-17-0-0\"  class=\"panel-grid-cell\" ><div id=\"panel-17-0-0-0\" class=\"so-panel widget widget_text panel-first-child panel-last-child\" data-index=\"0\" ><div class=\"panel-widget-style panel-widget-style-for-17-0-0-0\" ><h3 class=\"widget-title\">\u00bfEn qu\u00e9 patolog\u00edas se suele aplicar?<\/h3>\t\t\t<div class=\"textwidget\"><ul>\n<li class=\"has-black-color\">Dolor en columna vertebral<\/li>\n<li class=\"has-black-color\">Contracturas musculares<\/li>\n<li class=\"has-black-color\">Tendinopat\u00edas: rotuliana, aquiliana, supraespinoso, epicondilalgia\/codo de tenista, de Quervain<\/li>\n<li class=\"has-black-color\">Desgarros musculares<\/li>\n<li class=\"has-black-color\">Esguince de tobillo<\/li>\n<li class=\"has-black-color\">Artrosis<\/li>\n<li class=\"has-black-color\">Hombro doloroso<\/li>\n<li class=\"has-black-color\">Fascitis plantar<\/li>\n<\/ul>\n<p><!-- \/wp:siteorigin-panels\/layout-block --><!-- wp:paragraph {\"textColor\":\"black\",\"fontSize\":\"medium\"} --><\/p>\n<p><!-- \/wp:paragraph --><!-- wp:paragraph {\"textColor\":\"black\",\"fontSize\":\"medium\"} --><\/p>\n<p><!-- \/wp:paragraph --><!-- wp:paragraph {\"textColor\":\"black\",\"fontSize\":\"medium\"} --><\/p>\n<p><!-- \/wp:paragraph --><!-- wp:paragraph {\"textColor\":\"black\",\"fontSize\":\"medium\"} --><\/p>\n<p><!-- \/wp:paragraph --><!-- wp:paragraph {\"textColor\":\"black\",\"fontSize\":\"medium\"} --><\/p>\n<p><!-- \/wp:paragraph --><!-- wp:paragraph {\"textColor\":\"black\",\"fontSize\":\"medium\"} --><\/p>\n<p><!-- \/wp:paragraph --><!-- wp:paragraph {\"textColor\":\"black\",\"fontSize\":\"medium\"} --><\/p>\n<\/div>\n\t\t<\/div><\/div><\/div><\/div><\/div><\/div>\n<!-- \/wp:paragraph -->","protected":false},"excerpt":{"rendered":"<p>M\u00e9todo terap\u00e9utico que consiste en la aplicaci\u00f3n de agujas descartables finas en ciertos puntos del cuerpo. Estos puntos son \u201cdepresiones o huecos\u201d de ubicaci\u00f3n muy precisa y definida que presentan mayor sensibilidad y vascularizaci\u00f3n que el resto de las partes del cuerpo y permiten una \u201crecirculaci\u00f3n\u201d de la energ\u00eda. Su objetivo principal es tratar la&nbsp;&hellip;<\/p>\n","protected":false},"author":1,"featured_media":0,"parent":0,"menu_order":0,"comment_status":"closed","ping_status":"closed","template":"","meta":{"footnotes":""},"class_list":["post-17","page","type-page","status-publish","hentry"],"_links":{"self":[{"href":"https:\/\/kinesian.com.ar\/index.php\/wp-json\/wp\/v2\/pages\/17","targetHints":{"allow":["GET"]}}],"collection":[{"href":"https:\/\/kinesian.com.ar\/index.php\/wp-json\/wp\/v2\/pages"}],"about":[{"href":"https:\/\/kinesian.com.ar\/index.php\/wp-json\/wp\/v2\/types\/page"}],"author":[{"embeddable":true,"href":"https:\/\/kinesian.com.ar\/index.php\/wp-json\/wp\/v2\/users\/1"}],"replies":[{"embeddable":true,"href":"https:\/\/kinesian.com.ar\/index.php\/wp-json\/wp\/v2\/comments?post=17"}],"version-history":[{"count":16,"href":"https:\/\/kinesian.com.ar\/index.php\/wp-json\/wp\/v2\/pages\/17\/revisions"}],"predecessor-version":[{"id":310,"href":"https:\/\/kinesian.com.ar\/index.php\/wp-json\/wp\/v2\/pages\/17\/revisions\/310"}],"wp:attachment":[{"href":"https:\/\/kinesian.com.ar\/index.php\/wp-json\/wp\/v2\/media?parent=17"}],"curies":[{"name":"wp","href":"https:\/\/api.w.org\/{rel}","templated":true}]}}