{"id":15,"date":"2023-03-28T02:16:30","date_gmt":"2023-03-28T02:16:30","guid":{"rendered":"https:\/\/kinesian.com.ar\/?page_id=15"},"modified":"2026-04-17T15:22:59","modified_gmt":"2026-04-17T15:22:59","slug":"nutricion","status":"publish","type":"page","link":"https:\/\/kinesian.com.ar\/index.php\/nutricion\/","title":{"rendered":"Drenaje Linf\u00e1tico Manual"},"content":{"rendered":"\n<div class=\"wp-block-siteorigin-panels-layout-block\"><div id=\"pl-15\"  class=\"panel-layout\" ><div id=\"pg-15-0\"  class=\"panel-grid panel-no-style\" ><div id=\"pgc-15-0-0\"  class=\"panel-grid-cell\" ><div id=\"panel-15-0-0-0\" class=\"so-panel widget widget_text panel-first-child panel-last-child\" data-index=\"0\" ><div class=\"panel-widget-style panel-widget-style-for-15-0-0-0\" ><h3 class=\"widget-title\">Tratamiento kin\u00e9sico y terap\u00e9utico personalizado<\/h3>\t\t\t<div class=\"textwidget\"><\/div>\n\t\t<\/div><\/div><\/div><\/div><\/div><\/div>\n\n\n\n<div class=\"wp-block-siteorigin-panels-layout-block\"><div id=\"pl-15\"  class=\"panel-layout\" ><div id=\"pg-15-0\"  class=\"panel-grid panel-no-style\" ><div id=\"pgc-15-0-0\"  class=\"panel-grid-cell\" ><div id=\"panel-15-0-0-0\" class=\"so-panel widget widget_text panel-first-child panel-last-child\" data-index=\"0\" ><div class=\"panel-widget-style panel-widget-style-for-15-0-0-0\" >\t\t\t<div class=\"textwidget\"><p><strong> \u00bfQu\u00e9 es el drenaje linf\u00e1tico manual?<\/strong> Es una t\u00e9cnica kin\u00e9sica suave, lenta y espec\u00edfica que estimula el sistema linf\u00e1tico para:\n&#8211; Reducir edemas e hinchaz\u00f3n\n&#8211; Mejorar la circulaci\u00f3n\n&#8211; Disminuir dolor y sensaci\u00f3n de pesadez en las piernas\n&#8211; Favorecer recuperaci\u00f3n postquir\u00fargica\n&#8211; Mejorar procesos inflamatorios\n\n<strong>\ud83d\udc49 No es un masaje com\u00fan, no suele ser doloroso ni tampoco es un masaje fuerte. Es terap\u00e9utico y debe hacerlo un\/a kinesi\u00f3logo\/a capacitado\/a.<\/strong>\u00a0 \n\n\t\t<\/div><\/div><\/div><\/div><\/div><\/div>\n\n\n<div class=\"wp-block-siteorigin-panels-layout-block\">\n<div id=\"pl-15\" class=\"panel-layout\">\n<div id=\"pg-15-0\" class=\"panel-grid panel-no-style\">\n<div id=\"pgc-15-0-0\" class=\"panel-grid-cell\">\n<div id=\"panel-15-0-0-0\" class=\"so-panel widget widget_text panel-first-child panel-last-child\" data-index=\"0\">\n<div class=\"panel-widget-style panel-widget-style-for-15-0-0-0\">\n<h4 class=\"widget-title\">\u00bfCu\u00e1ndo realizar un Drenaje Linf\u00e1tico Manual?<\/h4>\n<div class=\"textwidget\">\n<p>\u2714\ufe0f Edemas: Piernas cansadas y sensaci\u00f3n de pesadez, Retenci\u00f3n de l\u00edquidos, Embarazo (con autorizaci\u00f3n m\u00e9dica), Insuficiencia venosa leve.<\/p>\n<p>\u2714\ufe0f Salud y bienestar: Hinchaz\u00f3n abdominal, Personas que pasan muchas horas sentadas o de pie<\/p>\n<p>\u2714\ufe0f Rehabilitaci\u00f3n: Post lesiones(esguinces de tobillo, lesiones de rodilla), Post quirurjicos, Inflamaci\u00f3n persistente, Complemento de tratamientos kin\u00e9sicos.<\/p>\n<\/div>\n<\/div>\n<\/div>\n<\/div>\n<\/div>\n<\/div>\n<\/div>\n\n<div class=\"wp-block-siteorigin-panels-layout-block\">\n<div id=\"pl-15\" class=\"panel-layout\">\n<div id=\"pg-15-0\" class=\"panel-grid panel-no-style\">\n<div id=\"pgc-15-0-0\" class=\"panel-grid-cell\">\n<div id=\"panel-15-0-0-0\" class=\"so-panel widget widget_text panel-first-child panel-last-child\" data-index=\"0\">\n<div class=\"panel-widget-style panel-widget-style-for-15-0-0-0\">\n<h4 class=\"widget-title\">\u00bfC\u00f3mo es una sesi\u00f3n de DLM?<\/h4>\n<div class=\"textwidget\">\n<p>Se realizar\u00e1 una evaluaci\u00f3n integral que incluye observacion de edemas, historia clinica y deteccion de contraindicaciones. Luego se aplicar\u00e1 un tratamiento individual de acuerdo a las necesidades y objetivos de cada paciente a trav\u00e9s de sesiones de 1 hora de duraci\u00f3n aprox.<\/p>\n<\/div>\n<\/div>\n<\/div>\n<\/div>\n<\/div>\n<\/div>\n<\/div>\n\n<div class=\"wp-block-siteorigin-panels-layout-block\">\n<div id=\"pl-15\" class=\"panel-layout\">\n<div id=\"pg-15-0\" class=\"panel-grid panel-no-style\">\n<div id=\"pgc-15-0-0\" class=\"panel-grid-cell\">\n<div id=\"panel-15-0-0-0\" class=\"so-panel widget widget_text panel-first-child panel-last-child\" data-index=\"0\">\n<div class=\"panel-widget-style panel-widget-style-for-15-0-0-0\">\n<h4 class=\"widget-title\">\u00bfPor qu\u00e9 realizarlo en Kinesian?<\/h4>\n<div class=\"textwidget\">\n<p>Nos diferenciamos por brindar una atenci\u00f3n individual y personalizada con kinesiologos en formaci\u00f3n y actualizaci\u00f3n constante. Por lo que este tratamiento es realizado por kinesiologos especialistas. Ademas de realizar el masaje, el profesional le ense\u00f1ar\u00e1 ejercicios personalizados para realizar en la sesi\u00f3n y en su casa para mejorar lo m\u00e1s rapido posible.<\/p>\n<\/div>\n<\/div>\n<\/div>\n<\/div>\n<\/div>\n<\/div>\n<\/div>\n\n<div class=\"wp-block-siteorigin-panels-layout-block\">\n<div id=\"pl-15\" class=\"panel-layout\">\n<div id=\"pg-15-0\" class=\"panel-grid panel-no-style\">\n<div id=\"pgc-15-0-0\" class=\"panel-grid-cell\">\n<div id=\"panel-15-0-0-0\" class=\"so-panel widget widget_text panel-first-child panel-last-child\" data-index=\"0\">\n<div class=\"panel-widget-style panel-widget-style-for-15-0-0-0\">\n<h4 class=\"widget-title\">Tratamientos<\/h4>\n<div class=\"textwidget\">\n<ul>\n<li>Aplicaci\u00f3n de DLM a trav\u00e9s de masaje<\/li>\n<li>Vendas de crioterapia<\/li>\n<li>Ejercicios personalizados enviados en PDF para que realices en tu domicilio para complementar el tratamiento<\/li>\n<li>Indicaciones y recomendaciones para tu hogar, trabajo y actividad f\u00edsica o deporte realizado.<\/li>\n<\/ul>\n<\/div>\n<\/div>\n<\/div>\n<\/div>\n<\/div>\n<\/div>\n<\/div>","protected":false},"excerpt":{"rendered":"<p>Tratamiento kin\u00e9sico y terap\u00e9utico personalizado \u00bfQu\u00e9 es el drenaje linf\u00e1tico manual? Es una t\u00e9cnica kin\u00e9sica suave, lenta y espec\u00edfica que estimula el sistema linf\u00e1tico para: &#8211; Reducir edemas e hinchaz\u00f3n &#8211; Mejorar la circulaci\u00f3n &#8211; Disminuir dolor y sensaci\u00f3n de pesadez en las piernas &#8211; Favorecer recuperaci\u00f3n postquir\u00fargica &#8211; Mejorar procesos inflamatorios \ud83d\udc49 No es&nbsp;&hellip;<\/p>\n","protected":false},"author":1,"featured_media":0,"parent":0,"menu_order":0,"comment_status":"closed","ping_status":"closed","template":"","meta":{"footnotes":""},"class_list":["post-15","page","type-page","status-publish","hentry"],"_links":{"self":[{"href":"https:\/\/kinesian.com.ar\/index.php\/wp-json\/wp\/v2\/pages\/15","targetHints":{"allow":["GET"]}}],"collection":[{"href":"https:\/\/kinesian.com.ar\/index.php\/wp-json\/wp\/v2\/pages"}],"about":[{"href":"https:\/\/kinesian.com.ar\/index.php\/wp-json\/wp\/v2\/types\/page"}],"author":[{"embeddable":true,"href":"https:\/\/kinesian.com.ar\/index.php\/wp-json\/wp\/v2\/users\/1"}],"replies":[{"embeddable":true,"href":"https:\/\/kinesian.com.ar\/index.php\/wp-json\/wp\/v2\/comments?post=15"}],"version-history":[{"count":7,"href":"https:\/\/kinesian.com.ar\/index.php\/wp-json\/wp\/v2\/pages\/15\/revisions"}],"predecessor-version":[{"id":406,"href":"https:\/\/kinesian.com.ar\/index.php\/wp-json\/wp\/v2\/pages\/15\/revisions\/406"}],"wp:attachment":[{"href":"https:\/\/kinesian.com.ar\/index.php\/wp-json\/wp\/v2\/media?parent=15"}],"curies":[{"name":"wp","href":"https:\/\/api.w.org\/{rel}","templated":true}]}}