{"id":126,"date":"2023-04-01T23:38:10","date_gmt":"2023-04-01T23:38:10","guid":{"rendered":"https:\/\/kinesian.com.ar\/?page_id=126"},"modified":"2023-04-10T21:51:43","modified_gmt":"2023-04-10T21:51:43","slug":"telerehabilitacion","status":"publish","type":"page","link":"https:\/\/kinesian.com.ar\/index.php\/telerehabilitacion\/","title":{"rendered":"Telerehabilitaci\u00f3n"},"content":{"rendered":"<div id=\"pl-gb126-69df8d564dfba\"  class=\"panel-layout\" ><div id=\"pg-gb126-69df8d564dfba-0\"  class=\"panel-grid panel-no-style\" ><div id=\"pgc-gb126-69df8d564dfba-0-0\"  class=\"panel-grid-cell\" ><div id=\"panel-gb126-69df8d564dfba-0-0-0\" class=\"so-panel widget widget_text panel-first-child panel-last-child\" data-index=\"0\" ><div class=\"panel-widget-style panel-widget-style-for-gb126-69df8d564dfba-0-0-0\" ><h3 class=\"widget-title\">REHABILITACI\u00d3N ONLINE &#8211; TELEREHABILITACI\u00d3N : Kinesiolog\u00eda online y Stretching Global Activo basado en R.P.G.<\/h3>\t\t\t<div class=\"textwidget\"><p>Durante la sesi\u00f3n se realizar\u00e1 una <strong>evaluaci\u00f3n completa<\/strong> del paciente realizando una serie de preguntas y pidiendo que realice diferentes movimientos, test diagn\u00f3sticos, entre otros, que gu\u00eden al kinesi\u00f3logo a identificar los factores de riesgo y llegar a un correcto diagn\u00f3stico kin\u00e9sico.<\/p>\n<p>En base al resultado de la evaluaci\u00f3n se realizar\u00e1 el tratamiento, que ser\u00e1 <strong>personalizado y adaptado a tus necesidades<\/strong>. Tendr\u00e1s contacto directo con tu kinesi\u00f3logo y <strong>seguimiento del mismo profesional<\/strong> durante todo el tratamiento. Incluso tendr\u00e1s la posibilidad de alternar el tratamiento online con sesiones presenciales con el mismo kinesi\u00f3logo de ser necesario.<\/p>\n<\/div>\n\t\t<\/div><\/div><\/div><\/div><\/div>\n\n<div id=\"pl-gb126-69df8d564ed60\"  class=\"panel-layout\" ><div id=\"pg-gb126-69df8d564ed60-0\"  class=\"panel-grid panel-no-style\" ><div id=\"pgc-gb126-69df8d564ed60-0-0\"  class=\"panel-grid-cell\" ><div id=\"panel-gb126-69df8d564ed60-0-0-0\" class=\"so-panel widget widget_text panel-first-child panel-last-child\" data-index=\"0\" ><div class=\"panel-widget-style panel-widget-style-for-gb126-69df8d564ed60-0-0-0\" ><h3 class=\"widget-title\">\u00bfQu\u00e9 necesito para realizar la consulta online?<\/h3>\t\t\t<div class=\"textwidget\"><p>Las sesiones online las pod\u00e9s realizar <strong>desde cualquier lugar del pa\u00eds o del mundo<\/strong>. Solo necesitas una computadora o celular con conexi\u00f3n wifi. Si la tecnolog\u00eda no es lo tuyo podemos buscar alternativas que se adapten m\u00e1s a tus posibilidades o guiarte para poder realizar la consulta.<\/p>\n<\/div>\n\t\t<\/div><\/div><\/div><\/div><\/div>\n\n<div id=\"pl-gb126-69df8d564f05d\"  class=\"panel-layout\" ><div id=\"pg-gb126-69df8d564f05d-0\"  class=\"panel-grid panel-no-style\" ><div id=\"pgc-gb126-69df8d564f05d-0-0\"  class=\"panel-grid-cell\" ><div id=\"panel-gb126-69df8d564f05d-0-0-0\" class=\"so-panel widget widget_text panel-first-child panel-last-child\" data-index=\"0\" ><div class=\"panel-widget-style panel-widget-style-for-gb126-69df8d564f05d-0-0-0\" ><h3 class=\"widget-title\">\u00bfEn qu\u00e9 consiste la videollamada?<\/h3>\t\t\t<div class=\"textwidget\"><p>La videollamada ser\u00e1 individual de 1(una) hora de duraci\u00f3n con el kinesi\u00f3logo\/a reservando previamente un turno. Se recomienda realizarla en una habitaci\u00f3n silenciosa y con lugar para poder realizar el tratamiento.<\/p>\n<p>Kinesiolog\u00eda Online: Mediante una videollamada se realizar\u00e1 una evaluaci\u00f3n integral del paciente con el objetivo de encontrar la causa que genera el origen del dolor o limitaci\u00f3n funcional. El tratamiento ser\u00e1 realizado a trav\u00e9s de <strong>ejercicios de rehabilitaci\u00f3n<\/strong> que ser\u00e1n <strong>guiados en todo momento por el kinesi\u00f3logo<\/strong>.\u00a0Se enviar\u00e1n los ejercicios de rehabilitaci\u00f3n totalmente personalizados para que los realices en tu domicilio o gimnasio y puedas recuperarte lo m\u00e1s r\u00e1pido posible, con posibilidad de consultar dudas con el profesional. Tambi\u00e9n se brindar\u00e1n <strong>pautas de educaci\u00f3n, cambio de h\u00e1bitos y consejos ergon\u00f3micos.<\/strong><\/p>\n<p>Stretching Global Activo: El tratamiento lo realizar\u00e1 el kinesiologo\/a especialista en RPG. Se aplicar\u00e1n autoposturas globales de tensi\u00f3n que ser\u00e1n guiadas en todo momento por el kinesi\u00f3logo\/a. El profesional le pedir\u00e1 al paciente que realice diferentes movimientos y respiraciones con el objetivo de mejorar la flexibilidad y disminuir el dolor. Se enviar\u00e1n las autoposturas de R.P.G. totalmente personalizadas para que las realices en tu domicilio o gimnasio y puedas recuperarte lo m\u00e1s r\u00e1pido posible, con posibilidad de consultar dudas con el profesional. Tambi\u00e9n se brindar\u00e1n pautas de educaci\u00f3n, cambio de h\u00e1bitos y consejos ergon\u00f3micos.<\/p>\n<\/div>\n\t\t<\/div><\/div><\/div><\/div><\/div>\n\n<div id=\"pl-gb126-69df8d564f399\"  class=\"panel-layout\" ><div id=\"pg-gb126-69df8d564f399-0\"  class=\"panel-grid panel-no-style\" ><div id=\"pgc-gb126-69df8d564f399-0-0\"  class=\"panel-grid-cell\" ><div id=\"panel-gb126-69df8d564f399-0-0-0\" class=\"so-panel widget widget_text panel-first-child panel-last-child\" data-index=\"0\" ><div class=\"panel-widget-style panel-widget-style-for-gb126-69df8d564f399-0-0-0\" ><h3 class=\"widget-title\">\u00bfCu\u00e1les son las ventajas de la atenci\u00f3n online?<\/h3>\t\t\t<div class=\"textwidget\"><ol>\n<li>Comodidad: Al tener la sesi\u00f3n online, podes<strong> tomar la sesi\u00f3n desde la comodidad de tu hogar<\/strong> o cualquier otro lugar en el que te encuentres, sin necesidad de desplazarte a un consultorio o centro de atenci\u00f3n.<\/li>\n<li>Ahorro de tiempo y dinero: Al no tener que desplazarte a un consultorio, <strong>ahorrar\u00e1s tiempo y costos<\/strong> asociados con el transporte, estacionamiento y otros gastos que pueden estar asociados con la atenci\u00f3n presencial.<\/li>\n<li>Accesibilidad: Las sesiones online son una buena opci\u00f3n para <strong>personas que viven en zonas remotas o que tienen dificultades para desplazarse<\/strong> debido a limitaciones f\u00edsicas o de movilidad.<\/li>\n<li>Mayor flexibilidad: Las sesiones online pueden ser programadas en <strong>horarios m\u00e1s flexibles<\/strong> que las sesiones presenciales, lo que permite a las personas adaptar sus horarios de atenci\u00f3n a sus necesidades y responsabilidades cotidianas.<\/li>\n<li>Continuidad en el tratamiento: Las sesiones online pueden ser una buena opci\u00f3n para mantener la continuidad en el tratamiento cuando se presentan obst\u00e1culos para asistir a las sesiones presenciales de forma regular, podr\u00e1s <strong>intercalar sesiones presenciales con sesiones online con el mismo profesional<\/strong>.<\/li>\n<\/ol>\n<\/div>\n\t\t<\/div><\/div><\/div><\/div><\/div>\n\n<div id=\"pl-gb126-69df8d564f736\"  class=\"panel-layout\" ><div id=\"pg-gb126-69df8d564f736-0\"  class=\"panel-grid panel-no-style\" ><div id=\"pgc-gb126-69df8d564f736-0-0\"  class=\"panel-grid-cell\" ><div id=\"panel-gb126-69df8d564f736-0-0-0\" class=\"so-panel widget widget_text panel-first-child panel-last-child\" data-index=\"0\" ><div class=\"panel-widget-style panel-widget-style-for-gb126-69df8d564f736-0-0-0\" ><h3 class=\"widget-title\">\u00bfQu\u00e9 patolog\u00edas se pueden tratar con sesiones online?<\/h3>\t\t\t<div class=\"textwidget\"><ul>\n<li>Dolor cervical y dorsal<\/li>\n<li>Dolor lumbar<\/li>\n<li>Contracturas musculares<\/li>\n<li>Esguince de tobillo<\/li>\n<li>Artrosis<\/li>\n<li>Dolor de rodilla o cadera<\/li>\n<li>Traumatismos<\/li>\n<li>Postoperatorios<\/li>\n<li>Tendinopat\u00edas ( tendinitis &#8211; tendinosis): Tend\u00f3n Rotuliano, tend\u00f3n de Aquiles, fascitis plantar, etc.<\/li>\n<li>Lesiones musculares : desgarros musculares, sobrecarga muscular, etc.<\/li>\n<li>Rectificaci\u00f3n Cervical &#8211; Cervicalgia &#8211; Patolog\u00edas cervicales &#8211; Dolor cervical<\/li>\n<li>Rectificaci\u00f3n Lumbar &#8211; Lumbalgia &#8211; Patolog\u00edas lumbares &#8211; Dolor Lumbar<\/li>\n<li>Contracturas musculares<\/li>\n<li>Dolor Dorsal<\/li>\n<li>Cifosis dorsal<\/li>\n<li>Ciat\u00e1lgias<\/li>\n<\/ul>\n<\/div>\n\t\t<\/div><\/div><\/div><\/div><\/div>","protected":false},"excerpt":{"rendered":"<p>Durante la sesi\u00f3n se realizar\u00e1 una evaluaci\u00f3n completa del paciente realizando una serie de preguntas y pidiendo que realice diferentes movimientos, test diagn\u00f3sticos, entre otros, que gu\u00eden al kinesi\u00f3logo a identificar los factores de riesgo y llegar a un correcto diagn\u00f3stico kin\u00e9sico. En base al resultado de la evaluaci\u00f3n se realizar\u00e1 el tratamiento, que ser\u00e1&nbsp;&hellip;<\/p>\n","protected":false},"author":1,"featured_media":0,"parent":0,"menu_order":0,"comment_status":"closed","ping_status":"closed","template":"","meta":{"footnotes":""},"class_list":["post-126","page","type-page","status-publish","hentry"],"_links":{"self":[{"href":"https:\/\/kinesian.com.ar\/index.php\/wp-json\/wp\/v2\/pages\/126","targetHints":{"allow":["GET"]}}],"collection":[{"href":"https:\/\/kinesian.com.ar\/index.php\/wp-json\/wp\/v2\/pages"}],"about":[{"href":"https:\/\/kinesian.com.ar\/index.php\/wp-json\/wp\/v2\/types\/page"}],"author":[{"embeddable":true,"href":"https:\/\/kinesian.com.ar\/index.php\/wp-json\/wp\/v2\/users\/1"}],"replies":[{"embeddable":true,"href":"https:\/\/kinesian.com.ar\/index.php\/wp-json\/wp\/v2\/comments?post=126"}],"version-history":[{"count":6,"href":"https:\/\/kinesian.com.ar\/index.php\/wp-json\/wp\/v2\/pages\/126\/revisions"}],"predecessor-version":[{"id":317,"href":"https:\/\/kinesian.com.ar\/index.php\/wp-json\/wp\/v2\/pages\/126\/revisions\/317"}],"wp:attachment":[{"href":"https:\/\/kinesian.com.ar\/index.php\/wp-json\/wp\/v2\/media?parent=126"}],"curies":[{"name":"wp","href":"https:\/\/api.w.org\/{rel}","templated":true}]}}